the highest common divisor of 1219530 and 809310?
1590
Calculate the greatest common factor of 21040 and 117638848.
4208
Calculate the highest common divisor of 5976 and 606066.
498
Calculate the highest common factor of 28264845 and 15.
15
What is the highest common factor of 18373512 and 12453?
1779
What is the greatest common factor of 189952 and 61565224?
2968
What is the greatest common factor of 2474195 and 203215?
2095
What is the greatest common factor of 342608 and 1041656?
1064
What is the greatest common factor of 259447 and 1558687?
401
Calculate the greatest common factor of 247152 and 24461544.
6504
Calculate the greatest common factor of 16491 and 64587.
3
Calculate the highest common divisor of 230 and 14956210.
230
What is the greatest common divisor of 148120 and 19915?
35
What is the highest common divisor of 14762 and 888866?
242
Calculate the greatest common divisor of 31881341 and 17.
17
Calculate the highest common divisor of 29158 and 288042.
122
Calculate the greatest common divisor of 19650104 and 456.
152
What is the greatest common divisor of 1224970 and 535?
5
Calculate the greatest common factor of 136 and 7369517.
17
Calculate the highest common factor of 760 and 1094540.
20
Calculate the greatest common divisor of 33 and 13617131.
11
What is the highest common factor of 400 and 101912?
8
Calculate the highest common factor of 7956236 and 4.
4
Calculate the highest common divisor of 852 and 83731152.
852
Calculate the highest common divisor of 21870 and 277457400.
7290
What is the greatest common factor of 9375207 and 783?
87
What is the greatest common divisor of 267 and 8023617?
267
What is the highest common factor of 1440 and 22017810?
30
Calculate the highest common factor of 1898 and 7192106.
146
Calculate the greatest common factor of 314721 and 94380.
363
What is the greatest common divisor of 47889 and 68072805?
2817
Calculate the highest common divisor of 81730 and 528275.
55
Calculate the greatest common factor of 6540 and 652305.
15
What is the greatest common divisor of 15297442 and 27521?
2117
What is the greatest common factor of 556 and 4278559?
139
Calculate the greatest common factor of 390770 and 11983.
23
What is the greatest common factor of 23015 and 2810?
5
What is the highest common factor of 98958308 and 76?
76
What is the highest common factor of 89 and 2012687?
1
Calculate the greatest common factor of 42180944 and 2416.
2416
What is the greatest common divisor of 19456 and 10242368?
1216
What is the highest common factor of 67108305 and 66?
33
Calculate the greatest common divisor of 9968 and 4158992.
16
What is the greatest common factor of 1516751 and 8?
1
What is the highest common divisor of 292 and 17817110?
146
What is the greatest common factor of 520281 and 4203?
9
What is the greatest common factor of 1256079 and 4488?
561
What is the highest common factor of 26328 and 13992235?
1097
What is the highest common factor of 104284 and 1537?
29
Calculate the greatest common factor of 416694 and 6549.
111
What is the highest common divisor of 446 and 68329653?
223
What is the greatest common divisor of 250749 and 5562?
27
Calculate the greatest common divisor of 16684 and 210442.
86
What is the greatest common divisor of 101310 and 166485?
165
Calculate the greatest common divisor of 1371392 and 28996.
44
What is the greatest common divisor of 12648 and 57288?
744
Calculate the greatest common divisor of 126 and 7158033.
9
Calculate the highest common divisor of 219765 and 1487395.
3185
Calculate the highest common divisor of 16160 and 9804272.
1616
Calculate the greatest common factor of 308 and 24731630.
154
What is the greatest common factor of 602 and 24593807?
301
Calculate the highest common factor of 8939468 and 1420.
284
What is the highest common divisor of 3942 and 21656034?
1314
What is the greatest common factor of 2396226 and 6608?
826
Calculate the highest common factor of 17557023 and 143.
11
Calculate the highest common divisor of 3609992 and 88.
8
Calculate the greatest common factor of 45009 and 19440.
27
What is the greatest common divisor of 13849167 and 1695?
339
Calculate the highest common factor of 280 and 1692670.
70
What is the highest common divisor of 47509245 and 2115?
2115
Calculate the highest common divisor of 54639 and 608501.
467
Calculate the highest common factor of 7660 and 212425588.
1532
What is the highest common divisor of 2516359 and 2813?
29
Calculate the greatest common factor of 4936 and 3728531.
617
What is the highest common divisor of 381762 and 6670314?
3006
What is the highest common factor of 1222291347 and 102?
51
Calculate the highest common divisor of 6767 and 89284.
101
Calculate the highest common divisor of 708 and 582757278.
354
Calculate the highest common factor of 52744 and 2082.
694
What is the highest common divisor of 4 and 7604570?
2
What is the greatest common divisor of 1487 and 2293?
1
Calculate the highest common divisor of 2569188 and 47886.
2082
Calculate the highest common divisor of 1047034 and 2114.
302
What is the highest common factor of 18 and 92729106?
18
What is the greatest common factor of 32204 and 214564?
388
What is the highest common divisor of 2205 and 72701055?
2205
Calculate the highest common factor of 139347 and 228231.
27
Calculate the highest common factor of 4666988 and 7404.
2468
Calculate the highest common divisor of 2210 and 4318170.
170
Calculate the highest common factor of 143922272 and 442.
442
Calculate the greatest common divisor of 1692587535 and 15.
15
What is the greatest common divisor of 3201220521 and 27?
27
What is the highest common factor of 1408512 and 5672?
8
Calculate the highest common divisor of 3 and 55301943.
3
Calculate the highest common factor of 157305876 and 84.
84
What is the highest common factor of 2035 and 7285855?
185
Calculate the highest common divisor of 297 and 44288883.
27
What is the greatest common factor of 2650643 and 28897?
2627
Calculate the highest common divisor of 21396200 and 15225.
5075
Calculate the highest common divisor of 235294 and 699254.
3314
Calculate the greatest common divisor of 839685 and 2905.
35
Calculate the highest common divisor of 5759360 and 25.
5
Calculate the greatest common factor of 216179850 and 15.
15
Calculate the greatest common factor of 14807 and 3621.
17
Calculate the greatest common factor of 50 and 33617880.
10
What is the highest common factor of 2376948335 and 10870?
5435
What is the greatest common divisor of 47300 and 739200?
1100
Calculate the highest common divisor of 4433 and 28751294.
143
What is the greatest common divisor of 8027625 and 34125?
375
What is the highest common factor of 537253 and 14041?
739
What is the greatest common factor of 4920750 and 555?
15
What is the highest common factor of 2481 and 442374705?
2481
What is the greatest common factor of 6693505 and 17437?
329
Calculate the greatest common factor of 567722233 and 5902.
2951
What is the highest common factor of 48 and 246457856?
16
What is the highest common divisor of 818 and 11294126?
818
What is the greatest common divisor of 108 and 81317184?
12
Calculate the greatest common factor of 1513814 and 15134.
46
What is the greatest common divisor of 2040838 and 72?
2
What is the highest common divisor of 632 and 19392683?
79
Calculate the greatest common factor of 755495 and 134225.
3835
What is the highest common divisor of 4234276 and 25387?
53
Calculate the greatest common factor of 1976 and 309168.
152
What is the highest common factor of 171 and 6105243?
3
What is the greatest common divisor of 3878075 and 15555?
305
Calculate the highest common divisor of 123985089 and 513.
171
What is the greatest common divisor of 336873246 and 1752?
438
Calculate the highest common factor of 240445 and 4617.
19
Calculate the greatest common divisor of 15793013 and 1.
1
What is the highest common factor of 343 and 40969733?
49
Calculate the highest common divisor of 2496 and 58294080.
2496
Calculate the greatest common divisor of 22742 and 733056.
166
Calculate the highest common factor of 741889632 and 16.
16
Calculate the greatest common factor of 10488 and 3019233.
1311
What is the greatest common divisor of 9574978 and 306?
34
W